130 + 3031312?
3101102
In base 4, what is 131000 - -310011?
1101011
In base 13, what is 22a1 + 11b2?
3483
In base 10, what is -4954 + -87993?
-92947
In base 14, what is -4544 + 9d9d?
5859
In base 12, what is 50 + 1a4881?
1a4911
In base 15, what is -7c17 - e2?
-7d09
In base 8, what is -1655520367 + -5?
-1655520374
In base 4, what is 2011232 + -1203022?
202210
In base 9, what is 725425562 - 3?
725425558
In base 12, what is -23035a + 27?
-230333
In base 15, what is -555e - 207?
-5766
In base 9, what is -7407 + 7261?
-136
In base 15, what is -18 - 7a3dc9?
-7a3de2
In base 12, what is 1b - -14262b?
14264a
In base 7, what is -4 - 453423566?
-453423603
In base 7, what is 2050164 + 53?
2050250
In base 6, what is 12341 + 104004?
120345
In base 6, what is -32432 + -205433?
-242305
In base 13, what is 6 - 15ba1b6?
-15ba1b0
In base 2, what is -100010011 - 1101110010010000111?
-1101110010110011010
In base 8, what is 505 - 50412?
-47705
In base 15, what is -3 + 230a951?
230a94d
In base 16, what is 4 + -342ba5?
-342ba1
In base 7, what is 455 - -14635323?
14636111
In base 14, what is -100712 - 2c?
-100740
In base 14, what is -1b94 - -1528?
-66a
In base 14, what is 5626b5 + -3a?
562679
In base 7, what is 36562546 + 12?
36562561
In base 4, what is -10323 + -1323220?
-2000203
In base 12, what is -168bbb3 - 6?
-168bbb9
In base 12, what is -169 + 8b6a?
8a01
In base 8, what is 47416122 + 4?
47416126
In base 8, what is 32 - 145704?
-145652
In base 12, what is 17 - -a815a8a?
a815aa5
In base 14, what is 138 + 45dcd?
46127
In base 9, what is -45 + 421611?
421555
In base 13, what is 19 + -21a165?
-21a149
In base 16, what is eb94 + a?
eb9e
In base 2, what is -10111000001010111 - -11111010?
-10110111101011101
In base 7, what is 10216 + -13535?
-3316
In base 14, what is 8 - 4a2c1d?
-4a2c15
In base 3, what is -1012011100220 + 1002?
-1012011022211
In base 16, what is 60d0c3 + 7?
60d0ca
In base 14, what is -2944ad8 + 0?
-2944ad8
In base 8, what is -5 + -265355734?
-265355741
In base 14, what is 1b33d2 - -7c?
1b3470
In base 2, what is -11101010010 + 1000101101001?
101000010111
In base 4, what is 202133021211022 - -10?
202133021211032
In base 9, what is 7 - -544067?
544075
In base 4, what is -32 - 12302210201?
-12302210233
In base 14, what is -238988 - 0?
-238988
In base 4, what is -1033212032032 + 10?
-1033212032022
In base 3, what is 1120 - 11100120211?
-11100112021
In base 14, what is -26 - c3cc36?
-c3cc5c
In base 3, what is 1010211002 + -211110?
1002222122
In base 16, what is -32731 + -47d?
-32bae
In base 6, what is 1 - -1340133054?
1340133055
In base 14, what is 892 - 3989c?
-3900a
In base 15, what is 1be + 4c5c0?
4c78e
In base 6, what is 104130 + -31303?
32423
In base 3, what is -111120220111020210 - -1?
-111120220111020202
In base 13, what is 1434aa - 5?
1434a5
In base 6, what is -4 + 140330151?
140330143
In base 16, what is 4d116 - -3a?
4d150
In base 11, what is -1a37051 + -5?
-1a37056
In base 13, what is 23 - -ac7bc?
ac812
In base 15, what is 293 - 52297?
-52004
In base 7, what is 14524 - -12533?
30360
In base 12, what is -3657b06 + -3?
-3657b09
In base 7, what is 5203 - 151560?
-143354
In base 16, what is -70eee - -102?
-70dec
In base 2, what is 101001100011 - 100100010110001001?
-100011101100100110
In base 4, what is 232231330333200 + 11?
232231330333211
In base 8, what is 4 - 16261526?
-16261522
In base 7, what is -113215 + -206?
-113424
In base 3, what is 102120222222 + 111?
102121000110
In base 14, what is -8 + 23310d?
233105
In base 12, what is 18865a - 18b?
18848b
In base 8, what is 0 + -4311655?
-4311655
In base 7, what is -20 - 25426646?
-25426666
In base 13, what is 1 + 1329ac11?
1329ac12
In base 5, what is -4 + -102043030424?
-102043030433
In base 4, what is 2300030 + -23222?
2210202
In base 3, what is 2 + -12010220022220122?
-12010220022220120
In base 9, what is -6788 + -26171?
-34070
In base 13, what is 302 - 2b302a?
-2b2a28
In base 6, what is -2213351 + 11?
-2213340
In base 6, what is -54204 - 3?
-54211
In base 14, what is -8c8 + -4285?
-4b6d
In base 14, what is -1c5ca + -77a?
-1cd66
In base 5, what is -101231234 + -1110?
-101232344
In base 9, what is 4364487 + 4?
4364502
In base 15, what is 4 + 9043449?
904344d
In base 11, what is -9559 + 183?
-9386
In base 12, what is -732 - -1a0686?
19bb54
In base 2, what is -1000111 + -1000010011111001?
-1000010101000000
In base 9, what is -10176707 + -4?
-10176712
In base 3, what is -1200120102101210021 - -11?
-1200120102101210010
In base 4, what is -2212 + -33221231?
-33230103
In base 11, what is -374856 + -3a?
-374895
In base 12, what is 43a49 + -2865?
411a4
In base 5, what is -243 - -312100200?
312044402
In base 9, what is 7 - -8345717?
8345725
In base 3, what is 10 + 1022111020021202?
1022111020021212
In base 15, what is 0 + 17a9ed?
17a9ed
In base 8, what is -5 - -776253023?
776253016
In base 6, what is -311 - 324021103?
-324021414
In base 10, what is 496 - 407269?
-406773
In base 6, what is 21500153 + 21?
21500214
In base 7, what is 2054430 + -425?
2054002
In base 4, what is 32231 + 1022200313?
1022233210
In base 13, what is 2a72 - 7693?
-4921
In base 12, what is 55b20 + -1b?
55b01
In base 16, what is -102 + 1c4f5?
1c3f3
In base 13, what is 4 + 446105?
446109
In base 12, what is 76 + -174a61?
-1749a7
In base 8, what is -22457 + -3572?
-26251
In base 5, what is -310411024 + 10334?
-310400140
In base 6, what is 5550 + -334354?
-324404
In base 11, what is 1816557 - 5?
1816552
In base 4, what is 32223 + -1123002?
-1030113
In base 5, what is 30230323221 + -10?
30230323211
In base 5, what is -32202 - -334131?
301424
In base 6, what is 1 - 22205423?
-22205422
In base 10, what is -3939528 - -41?
-3939487
In base 7, what is -25131401 - -34?
-25131334
In base 14, what is 2cd94 - 84?
2cd10
In base 16, what is 93e4e4 + d?
93e4f1
In base 3, what is 21 - 2221220212121101?
-2221220212121010
In base 12, what is -1273 + -6b8a?
-8241
In base 10, what is 502654 - -180?
502834
In base 10, what is -3615 - 8847?
-12462
In base 16, what is 13fae4 + -1?
13fae3
In base 6, what is 40044131245 + -5?
40044131240
In base 9, what is 17184861 - -15?
17184876
In base 13, what is -2 - -1418126?
1418124
In base 10, what is 10 - -103399?
103409
In base 10, what is -24415 - -319?
-24096
In base 13, what is 394a7 - 330?
39177
In base 10, what is 109151648 + -2?
109151646
In base 16, what is -339 + -1334a?
-13683
In base 4, what is 31122300 - -320111?
32103011
In base 15, what is -1355eb + -1?
-1355ec
In base 9, what is 4 - -2177304?
2177308
In base 8, what is -45 - -4602323?
4602256
In base 6, what is 10553401 - 1021?
10552340
In base 7, what is -201045 + -1446?
-202524
In base 8, what is -21757056 + -4?
-21757062
In base 10, what is -76 - -891165?
891089
In base 5, what is 23421101 + -3031?
23413020
In base 8, what is 22746673 - -26?
22746721
In base 3, what is 22020220 - -1222202?
101020122
In base 13, what is 6 + 13c9a56?
13c9a5c
In base 6, what is 154354 + 1214?
200012
In base 9, what is -780 + 255324?
254434
In base 15, what is 1201d - -1cc?
121ea
In base 15, what is -1 + 1548a4?
1548a3
In base 13, what is 76a45 - 58?
769ba
In base 11, what is 65767a - -4?
657683
In base 7, what is -120 + 23355151?
23355031
In base 2, what is -111010 - 1010001010000100000?
-1010001010001011010
In base 4, what is -21221213 - -331?
-21220222
In base 14, what is -425 + -9824?
-9c49
In base 5, what is 120304 + 234111?
404420
In base 6, what is 12032 + 45244?
101320
In base 16, what is -f5ee - -17f?
-f46f
In base 14, what is 15 + -33d1c?
-33d07
In base 6, what is 0 - -1210552054?
1210552054
In base 11, what is 13412 - 23?
1339a
In base 16, what is 5 + -1492169?
-1492164
In base 9, what is 380454 + 2166?
382631
In base 5, what is 201 + 3422000?
3422201
In base 13, what is -b + 50b536?
50b528
In base 14, what is 26 + -22a1d?
-229d7
In base 9, what is -61865 - -113?
-61752
In base 8, what is -145532605 - 4?
-145532611
In base 10, what is -354 - -139737?
139383
In base 4, what is -320130 + -233220?
-1220010
In base 15, what is 9ec + -ace9?
-a2ec
In base 13, what is -6 - -8149?
8143
In base 3, what is 1011122112122021021 - 2?
1011122112122021012
In base 8, what is 7 + 243432?
243441
In base 3, what is -110 - -22101212022?
22101211212
In base 16, what is -9ed - 9da?
